, 3*n - 6*n = -k + u. What are the prime factors of k?
2, 3, 23
Let c(r) = 2*r**2 + 84*r - 2. List the prime factors of c(6).
2, 7, 41
Let f be (-2 - -3 - (-12)/(-8))*0. Suppose -6*w + 296 + 562 = f. What are the prime factors of w?
11, 13
Let r(l) = -l**3 + 22*l**2 - 21*l + 6. Suppose -2*o = -54 + 12. What are the prime factors of r(o)?
2, 3
Suppose 4*s = -41 + 13. What are the prime factors of (34 + -6)/(-2 - 16/s)?
2, 7
Suppose 2*o + 2 = 5*x + 24, 2*x = 2*o - 16. Let y(i) be the first derivative of 2*i**3/3 - 9*i**2/2 + 11*i + 72. List the prime factors of y(o).
29
Let b = 26 - 23. Suppose 216 = 2*h + l, -7*l + b*l = 4*h - 440. What are the prime factors of h?
2, 53
Let o = 28 - 24. Suppose 5*s = -d + 6, 2*d - 5*d = -o*s - 18. List the prime factors of d.
2, 3
Let a be 3/(-1 - 70/(-76)). Suppose -4*q = -2*q - 128. Let n = q + a. What are the prime factors of n?
2, 13
Suppose -3*i + 2*k = -2*k - 344, -2*k = -i + 116. What are the prime factors of i?
2, 7
Let f be 4/(-6) + (-33)/(-9). Suppose 0 = 5*q - 20, -f*q - 2*q - 91 = 3*v. List the prime factors of v/(-4) + 2/(-8).
3
Let n be (2/(-6))/(8/(-24)). Let b be (n/3)/((-1)/(-15)). Let c = 26 + b. List the prime factors of c.
31
Suppose 3*o - 3*k - 31 - 2 = 0, -4*k = -o + 20. Let q be (-18)/(-144) + (-1)/o. Suppose 2*s = 10 - q. List the prime factors of s.
5
Suppose -35*k - 806 = -2*g - 31*k, -20 = 4*k. What are the prime factors of g?
3, 131
Suppose 5*t + 9400 = 7*t + 5*m, 3*t - 14066 = m. What are the prime factors of t?
2, 5, 7, 67
Let o(c) = -c**3 - c**2 - 3*c + 8. Let p be o(0). Suppose 3*f - 2420 = -p*f. List the prime factors of f.
2, 5, 11
What are the prime factors of 1402/(3 - 1) + 2?
19, 37
Let z(f) = -f**2 - 13*f - 12. Let a be z(-13). What are the prime factors of 6 + -6 - (a - (-1)/1)?
11
Suppose -4*w - 343 = -1303. List the prime factors of w.
2, 3, 5
Suppose -32 - 4 = 3*b. Let z(y) = -3*y - 8. Let s be z(-6). List the prime factors of (b/(-9))/(s/15).
2
Let f = 36 + -12. Let n = f - 22. Suppose n*t - 51 = -1. What are the prime factors of t?
5
Suppose 23*w - 9530 = 18*w. List the prime factors of w.
2, 953
What are the prime factors of 7/49 + (-8650)/(-14)?
2, 3, 103
Let y(p) = -85*p + 583. What are the prime factors of y(-6)?
1093
Let p(c) = c + 3*c + 11 - c + 0. Let w be p(-11). List the prime factors of (w/4)/(4/(-24)).
3, 11
Suppose -t - 76 = t. Let y = t + 64. List the prime factors of y.
2, 13
Suppose 11*q - 47541 = -1308. What are the prime factors of q?
3, 467
Let o(m) = 7*m**2 - 4*m**2 + 2*m + m**2 - 10 - 13. List the prime factors of o(8).
3, 83
Suppose 3*o = 5*o - 72. Let y be o/21*7/2. Suppose -4*k = -5*j - y, 0 = 4*j - 11 + 3. What are the prime factors of k?
2
List the prime factors of (1 - -4)*7 - (-7 - -3).
3, 13
Let t(f) = -f + 121. Let p be t(0). Suppose -4*s + 60 = -n + 169, p = n + 2*s. Suppose y - n = -5*x + 2*y, -100 = -4*x + 4*y. What are the prime factors of x?
23
Let q(f) = 4*f + 2. Let i be q(1). Let n = 5 + -1. Suppose -122 = n*r - i*r. List the prime factors of r.
61
Let u = 65 - 57. What are the prime factors of 13*u*3/4?
2, 3, 13
Let z = 2523 + -1396. What are the prime factors of z?
7, 23
Let l = 2603 + -1281. List the prime factors of l.
2, 661
What are the prime factors of 9940/63 + -7 - 4/(-18)?
151
Let l = -42 + 82. What are the prime factors of (12/30)/(1/l)?
2
Suppose 4*b + 4 = 704. List the prime factors of b.
5, 7
Let z be 3/(-2) + (-3)/(-6) + 1. Suppose r - 124 - 99 = z. What are the prime factors of r?
223
Let v be (0 - -3)*8/6. Suppose 0 = 2*m - 3*g - 6, -2*g = -0*m - v*m + 12. Suppose 3*y = 3*h - 3, y + 4*h = -m*y + 28. What are the prime factors of y?
3
Suppose 5*p - 3*r + 268 - 4675 = 0, 0 = 3*p - r - 2641. What are the prime factors of p?
3, 293
Let y be -1*(-1 - -2)*22. Let g be (-17 - -3)*y/4. Suppose 0*i - g = -2*i + 5*s, 107 = 3*i + s. List the prime factors of i.
2, 3
Suppose -2*q + 810 = 2*d, -3*q = q + d - 1632. What are the prime factors of q?
409
Let u(m) = -m**3 - 10*m**2 - 8*m + 13. Let l be u(-9). Suppose -l*r + 0*r = -400. Suppose -5*c + 4*s + r = 0, c + s - 34 = -s. List the prime factors of c.
2, 3
Suppose 4*q = 3 - 3. Suppose q = 12*i + 71 - 1187. List the prime factors of i.
3, 31
Let n(q) = -q**3 - 22*q**2 - 59*q - 5. What are the prime factors of n(-24)?
11, 233
Let j(w) = 9*w**2 + 30*w - 147. List the prime factors of j(7).
2, 3, 7
Suppose -23884 = -37*h + 30*h. What are the prime factors of h?
2, 853
Suppose -4*p + 6*p - 44 = 0. Let g = -2 - -4. Suppose 0 = 3*v - g*k - 53 + p, -5*k = 25. List the prime factors of v.
7
Suppose 96 = 3*o - 42. Suppose 2*h - o - 74 = 0. What are the prime factors of h?
2, 3, 5
Let n(z) = 6*z - 27. Let r be n(15). Suppose s + 14 = -31. Let v = s + r. List the prime factors of v.
2, 3
Let u = 69 - 61. What are the prime factors of 1892/20 - u/(-20)?
5, 19
Let j = 35 + -51. Let i(k) = -5*k + 28. What are the prime factors of i(j)?
2, 3
Let d = 12 + 16. Let m = -10 - -5. Let v = d + m. What are the prime factors of v?
23
Let w = -336 + 781. List the prime factors of w.
5, 89
Let r(z) = 66*z**2 + 4*z. What are the prime factors of r(-1)?
2, 31
Let d(a) = -a + 7. Let o be d(8). Let k be 2 + (o - 1) - -5. Suppose 2*w - z - 9 = 0, 6 = k*w + z + 1. List the prime factors of w.
2
Let w(f) = -f**3 - 8*f**2 - 7*f + 1. Let d be w(-7). Suppose 4*i - 4 = 4*p + p, i = p + d. Suppose p = 2*g + 30 - 82. What are the prime factors of g?
2, 13
Let l be (0 + (-2 - 3))*1/(-1). Suppose -l*x + 277 = -233. What are the prime factors of x?
2, 3, 17
Suppose 0 = g + 1088 - 2252. List the prime factors of g.
2, 3, 97
Suppose 2*q + 45 = -4*t + 3*t, 2*q = -2*t - 84. What are the prime factors of t/(-6)*(13 + -7)?
3, 13
List the prime factors of (-2)/8 + 3732/16.
233
Let t = -8 + 18. Suppose -3*x + 3*q + 27 = 0, 4*q - t = -3*x + 38. What are the prime factors of x - 5 - (-2 - 1)?
2, 5
Let h(i) = i**3 - 9*i**2 + 12*i + 21. Let p be h(10). Let r = p + -75. What are the prime factors of r?
2, 83
Let r(d) be the first derivative of d**3/3 - 6*d**2 + 26*d + 19. What are the prime factors of r(15)?
71
Suppose -21 + 13 = -u. What are the prime factors of (-2)/u*-4 - -37?
2, 19
Let d be 2/(-3) + (-3620)/(-30). Suppose d = 4*w - w. What are the prime factors of w?
2, 5
Let g = 59 - 42. Let r be g - (-1 - (1 - 1)). Let h = r - 2. List the prime factors of h.
2
Let f be -4 + 7 - (1 - 2). Suppose -2*k - 2*o = -f*k + 6, 0 = -2*o - 2. Suppose n = 3*x - 53, -k*x - 4*n + 94 = 3*x. List the prime factors of x.
2, 3
Let y(w) = -8*w + 527. List the prime factors of y(-24).
719
Let x(b) = 5*b**2 + b. Let k = 33 + -37. List the prime factors of x(k).
2, 19
Suppose -o + 955 - 61 = 0. Let z(q) = 894*q - 4 - 6*q**2 + q**3 - o*q. What are the prime factors of z(7)?
3, 5
Suppose -3*b + 3*n + 111 = 0, 5*n + 118 + 3 = 3*b. Let k = -17 - -6. Let h = b + k. What are the prime factors of h?
3, 7
Let c(s) = s**2 - 3*s + 3. Let w be c(3). Let m be w/9*(2 + 7). Suppose -36 = 4*u - 8*u - 3*a, m*a = 0. List the prime factors of u.
3
Let p = 103 + 38. What are the prime factors of p?
3, 47
Let f(i) = i**3 + 10*i**2 + 7*i + 13. Let y be f(-6). Suppose -4*a + y = -33. List the prime factors of a.
37
Let p = -2575 - -4555. List the prime factors of p.
2, 3, 5, 11
Suppose -2*w - 22 = -5*v, -4*v + 2*w = -2*w - 8. List the prime factors of v.
2, 3
Let x(t) = -2*t**2 - 3*t. Let l(b) = -b + 1. Let h be l(3). Let z be x(h). List the prime factors of (-2)/(-4)*28 - z.
2
Suppose 5*v = 5*h + v - 215, -215 = -5*h - 3*v. Let r = -29 + h. List the prime factors of 6*2/(8/r).
3, 7
Let s be (-150)/(-4)*(-3 - (-1 + -4)). Suppose -2*z = 3*c - s, 96 = 4*z + 5*c - 51. List the prime factors of z.
3, 11
What are the prime factors of 15/5 + (1 - 2923/(-1))?
2927
Suppose -4*k + 1688 = -3436. What are the prime factors of k?
3, 7, 61
Let y(s) = -2*s**3 + 13*s**2 - 13*s + 16. List the prime factors of y(-7).
2, 5, 11, 13
Let g(r) = 6*r - 16*r - 2 - 1 + 3*r**2. What are the prime factors of g(7)?
2, 37
Suppose 80 = 11*h - 3*h. Suppose -h*d + 1477 = -3*d. What are the prime factors of d?
211
Suppose -11*v + 544 = -3*v. Suppose -v*s = -74*s + 222. List the prime factors of s.
37
Suppose 5*c + 5 = 75. Let k = 60 - c. List the prime factors of k.
2, 23
Let f(m) = 8*m**2 + 4*m